{"id":86,"date":"2023-12-05T11:57:07","date_gmt":"2023-12-05T11:57:07","guid":{"rendered":"https:\/\/conteudofacil.com.br\/barao\/?post_type=product&#038;p=86"},"modified":"2023-12-05T12:00:33","modified_gmt":"2023-12-05T12:00:33","slug":"puxador-para-portas-duplo-em-aco-inox-modelo-slin-polido","status":"publish","type":"product","link":"https:\/\/conteudofacil.com.br\/barao\/produto\/puxador-para-portas-duplo-em-aco-inox-modelo-slin-polido\/","title":{"rendered":"Puxador Para Portas Duplo em A\u00e7o Inox Modelo Slin Polido"},"content":{"rendered":"<h1 class=\"product-name\">Puxador Para Portas Duplo em A\u00e7o Inox Modelo Slin Polido<\/h1>\n<p><strong>Material:<\/strong>\u00a0\u00a0A\u00e7o Inox<\/p>\n<p><strong>Perfil:<\/strong>\u00a0Tubular Quadrado<\/p>\n<p><strong>Medida do Perfil em Polegada:<\/strong><\/p>\n<p><strong>Medida do Perfil em Cent\u00edmetro:<\/strong>\u00a0 2,5 cm x 2,5 cm x 1,2 mm parede .<\/p>\n<p><strong>Formato:<\/strong>\u00a0Designer \u201cRETO\u201d.<\/p>\n<p><strong>P\u00e9s:<\/strong>\u00a0 quadrado<\/p>\n<p><strong>Medida dos P\u00e9s:<\/strong>\u00a0 25 mm x 45mm altura<\/p>\n<p>&nbsp;<\/p>\n<p><strong>Tabela atualizada de \u00a0medidas\/fura\u00e7\u00e3o dispon\u00edveis para este modelo , valores diferenciados para cada tamanho :<\/strong><\/p>\n<p>&nbsp;<\/p>\n<p>32\u00a0CM ENTRE FUROS 30 CM<\/p>\n<p>42\u00a0CM ENTRE FUROS 40 CM<\/p>\n<p>52\u00a0CM ENTRE FUROS 50 CM<\/p>\n<p>62\u00a0CM ENTRE FUROS 60 CM<\/p>\n<p>72\u00a0CM ENTRE FUROS 70 CM<\/p>\n<p>82\u00a0CM ENTRE FUROS 80 CM<\/p>\n<p>92\u00a0CM ENTRE FUROS 90 CM<\/p>\n<p>1,02 M\u00a0ENTRE FUROS 1,00\u00a0M<\/p>\n<p>1,12 M\u00a0ENTRE FUROS 1,10\u00a0M<\/p>\n<p>1,22 M\u00a0ENTRE FUROS 1,20\u00a0M<\/p>\n<p>1,52 M\u00a0ENTRE FUROS 1,50\u00a0M<\/p>\n<p>1,82 M\u00a0ENTRE FUROS 1,80\u00a0M<\/p>\n<p>2.02 M\u00a0ENTRE FUROS 2,00 M<\/p>\n<p>&nbsp;<\/p>\n<h2><strong>Pode ser usado em que tipo de porta?<\/strong><\/h2>\n<p>Portas Pivotantes de Madeira,\u00a0Portas Comuns de Madeira,\u00a0Portas de Vidro Temperado,\u00a0Esquadrias de Alum\u00ednio,\u00a0Esquadrias de A\u00e7o e\u00a0Port\u00f5es em A\u00e7o e Alum\u00ednio.<\/p>\n<h2><strong>Garantia do Produto:<\/strong><\/h2>\n<p>3 Anos de Garantia contra defeitos de fabrica\u00e7\u00e3o.<\/p>\n<h2><strong>Acabamentos:<\/strong><\/h2>\n<p><strong>A\u00e7o Inox Polido Brilhante:<\/strong>\u00a0Feito um polimento em alta temperatura sob o a\u00e7o inox, real\u00e7ando seu brilho e refletindo feito espelho.<\/p>\n<p>* Imagens meramente ilustrativas *<br \/>\nAgradecemos sua visita. Estamos \u00e0 disposi\u00e7\u00e3o!<\/p>\n<p><strong>Bar\u00e3o Distribuidora<\/strong><br \/>\nVidro, Alum\u00ednio e Acess\u00f3rios<\/p>\n<p>Instagram: @baraodistribuidorarj<br \/>\nFanpage: Bar\u00e3o Distribuidora Rj<br \/>\nWhatsapp <span class=\"\">21 96460-9220<\/span><\/p>\n","protected":false},"excerpt":{"rendered":"<p>Puxador Para Portas Duplo em A\u00e7o Inox Modelo Slin Polido Material:\u00a0\u00a0A\u00e7o Inox Perfil:\u00a0Tubular Quadrado Medida do Perfil em Polegada: Medida do Perfil em Cent\u00edmetro:\u00a0 2,5 cm x 2,5 cm x 1,2 mm parede . Formato:\u00a0Designer \u201cRETO\u201d. P\u00e9s:\u00a0 quadrado Medida dos P\u00e9s:\u00a0 25 mm x 45mm altura &nbsp; Tabela atualizada de \u00a0medidas\/fura\u00e7\u00e3o dispon\u00edveis para este modelo [&hellip;]<\/p>\n","protected":false},"featured_media":87,"comment_status":"open","ping_status":"closed","template":"","meta":{"_joinchat":[]},"product_brand":[],"product_cat":[17,18],"product_tag":[],"class_list":{"0":"post-86","1":"product","2":"type-product","3":"status-publish","4":"has-post-thumbnail","6":"product_cat-produtos","7":"product_cat-puxador-inox","9":"first","10":"instock","11":"sale","12":"shipping-taxable","13":"purchasable","14":"product-type-simple"},"_links":{"self":[{"href":"https:\/\/conteudofacil.com.br\/barao\/wp-json\/wp\/v2\/product\/86","targetHints":{"allow":["GET"]}}],"collection":[{"href":"https:\/\/conteudofacil.com.br\/barao\/wp-json\/wp\/v2\/product"}],"about":[{"href":"https:\/\/conteudofacil.com.br\/barao\/wp-json\/wp\/v2\/types\/product"}],"replies":[{"embeddable":true,"href":"https:\/\/conteudofacil.com.br\/barao\/wp-json\/wp\/v2\/comments?post=86"}],"wp:featuredmedia":[{"embeddable":true,"href":"https:\/\/conteudofacil.com.br\/barao\/wp-json\/wp\/v2\/media\/87"}],"wp:attachment":[{"href":"https:\/\/conteudofacil.com.br\/barao\/wp-json\/wp\/v2\/media?parent=86"}],"wp:term":[{"taxonomy":"product_brand","embeddable":true,"href":"https:\/\/conteudofacil.com.br\/barao\/wp-json\/wp\/v2\/product_brand?post=86"},{"taxonomy":"product_cat","embeddable":true,"href":"https:\/\/conteudofacil.com.br\/barao\/wp-json\/wp\/v2\/product_cat?post=86"},{"taxonomy":"product_tag","embeddable":true,"href":"https:\/\/conteudofacil.com.br\/barao\/wp-json\/wp\/v2\/product_tag?post=86"}],"curies":[{"name":"wp","href":"https:\/\/api.w.org\/{rel}","templated":true}]}}