{"id":94,"date":"2023-12-05T12:05:35","date_gmt":"2023-12-05T12:05:35","guid":{"rendered":"https:\/\/conteudofacil.com.br\/barao\/?post_type=product&#038;p=94"},"modified":"2023-12-05T12:09:29","modified_gmt":"2023-12-05T12:09:29","slug":"puxador-redondo-60cm-aluminio-para-porta-madeira-ou-vidro","status":"publish","type":"product","link":"https:\/\/conteudofacil.com.br\/barao\/produto\/puxador-redondo-60cm-aluminio-para-porta-madeira-ou-vidro\/","title":{"rendered":"Puxador Redondo 60cm Alum\u00ednio Para Porta Madeira Ou Vidro"},"content":{"rendered":"<h1 class=\"ui-pdp-title\">Puxador Redondo 60cm Alum\u00ednio Para Porta Madeira Ou Vidro<\/h1>\n<p>1 Puxador tubular Para Porta Madeira ou Vidro ou Pivotante 60 cm Alum\u00ednio<\/p>\n<p>Garantia do vendedor: 36 mesess* Imagens meramente ilustrativas *<br \/>\nAgradecemos sua visita. Estamos \u00e0 disposi\u00e7\u00e3o!<\/p>\n<p><strong>Bar\u00e3o Distribuidora<\/strong><br \/>\nVidro, Alum\u00ednio e Acess\u00f3rios<\/p>\n<p>Instagram: @baraodistribuidorarj<br \/>\nFanpage: Bar\u00e3o Distribuidora Rj<br \/>\nWhatsapp <span class=\"\">21 96460-9220<\/span><\/p>\n","protected":false},"excerpt":{"rendered":"<p>Puxador Redondo 60cm Alum\u00ednio Para Porta Madeira Ou Vidro 1 Puxador tubular Para Porta Madeira ou Vidro ou Pivotante 60 cm Alum\u00ednio Garantia do vendedor: 36 mesess* Imagens meramente ilustrativas * Agradecemos sua visita. Estamos \u00e0 disposi\u00e7\u00e3o! Bar\u00e3o Distribuidora Vidro, Alum\u00ednio e Acess\u00f3rios Instagram: @baraodistribuidorarj Fanpage: Bar\u00e3o Distribuidora Rj Whatsapp 21 96460-9220<\/p>\n","protected":false},"featured_media":95,"comment_status":"open","ping_status":"closed","template":"","meta":{"_joinchat":[]},"product_brand":[],"product_cat":[17,19],"product_tag":[],"class_list":{"0":"post-94","1":"product","2":"type-product","3":"status-publish","4":"has-post-thumbnail","6":"product_cat-produtos","7":"product_cat-puxador-aluminio","9":"first","10":"instock","11":"sale","12":"shipping-taxable","13":"purchasable","14":"product-type-simple"},"_links":{"self":[{"href":"https:\/\/conteudofacil.com.br\/barao\/wp-json\/wp\/v2\/product\/94","targetHints":{"allow":["GET"]}}],"collection":[{"href":"https:\/\/conteudofacil.com.br\/barao\/wp-json\/wp\/v2\/product"}],"about":[{"href":"https:\/\/conteudofacil.com.br\/barao\/wp-json\/wp\/v2\/types\/product"}],"replies":[{"embeddable":true,"href":"https:\/\/conteudofacil.com.br\/barao\/wp-json\/wp\/v2\/comments?post=94"}],"wp:featuredmedia":[{"embeddable":true,"href":"https:\/\/conteudofacil.com.br\/barao\/wp-json\/wp\/v2\/media\/95"}],"wp:attachment":[{"href":"https:\/\/conteudofacil.com.br\/barao\/wp-json\/wp\/v2\/media?parent=94"}],"wp:term":[{"taxonomy":"product_brand","embeddable":true,"href":"https:\/\/conteudofacil.com.br\/barao\/wp-json\/wp\/v2\/product_brand?post=94"},{"taxonomy":"product_cat","embeddable":true,"href":"https:\/\/conteudofacil.com.br\/barao\/wp-json\/wp\/v2\/product_cat?post=94"},{"taxonomy":"product_tag","embeddable":true,"href":"https:\/\/conteudofacil.com.br\/barao\/wp-json\/wp\/v2\/product_tag?post=94"}],"curies":[{"name":"wp","href":"https:\/\/api.w.org\/{rel}","templated":true}]}}